3 + 2*d**2. Let k(c) = 8*c**2 - 1 + 10*c**3 - 3 - 11*c**3 - 12*c. Let j be k(6). Give s(j).
2
Let v(d) = -24*d**3 + 2 + 2*d + 4*d**2 - 3 - d**2 - 5*d**2. Give v(1).
-25
Let g(x) = -3*x - 1. Suppose -11*y + 9*y - 4 = i, -5*i = 5*y + 15. Calculate g(y).
2
Let q(c) = -3*c + 6 - c**2 - 3 + 3*c. Let a = 7 + -9. Let d be (0 - 2) + a/(-1). Calculate q(d).
3
Let t(m) = -m + 7. Let n be (-3)/(-1) - (-3 - -2). Suppose -4*j - 4*y - 4 = 0, -3*j + n*y - 3*y = -17. Suppose -5 = -4*w + u, -u - 1 = 2*w + j. Calculate t(w).
7
Let s(a) = -3*a - 21. Let q be s(-9). Let j(r) = r**3 - 5*r**2 - 9*r + 7. Determine j(q).
-11
Let o(g) be the third derivative of -18*g**2 + 1/30*g**5 + 0*g - 1/6*g**3 + 0 + 0*g**4 - 1/40*g**6. Determine o(-1).
4
Let j(g) = g + 11. Let k = -99 + 91. Determine j(k).
3
Let x(a) = 2542*a + 24 - 1274*a - 1273*a. Calculate x(6).
-6
Let l(s) = -7*s + 8. Let i(m) = -5*m + 6. Let y(g) = -6*i(g) + 5*l(g). What is y(-2)?
14
Let o(z) = -2*z**3 - 10*z**2 + z + 8. Let f be o(-5). Let q(y) be the first derivative of 3 - 3*y + f*y**2 + 1/3*y**3. Determine q(-6).
-3
Let d(o) be the first derivative of -o**3/3 - 13*o**2/2 - 64. What is d(-10)?
30
Let k = 254 + -248. Let m(n) = n - 5. Calculate m(k).
1
Suppose -5 = -2*l + 3. Let a(k) = -10*k + 1778 - 2*k**2 + 3*k + k**3 - 1773. Calculate a(l).
9
Let l be (-20)/336 + (-10)/(-70). Let o(v) be the second derivative of -l*v**4 - 1/2*v**2 + 7/6*v**3 + 0 + 5*v. What is o(5)?
9
Let b(c) = c**2 + 3*c**2 - 115*c**3 - 3 + 52*c**3 + c + 62*c**3. Suppose -l + 13 = 3*g, 4*l + 9*g - 31 = 4*g. What is b(l)?
1
Let r(v) = v**3 - 2*v**2 - 5*v + 2. Let o(t) = -t**3 - t**2 + 5*t - 5. Let f(b) = -o(b) - 2*r(b). What is f(6)?
-5
Let x be 2 - 4/8*0. Let j(l) = l**3 - 5*l**2 + 2*l - 1. Calculate j(x).
-9
Let w(b) = -b - 19. Let y be w(-11). Let c(t) = 9 - 446*t + 225*t + 222*t. What is c(y)?
1
Suppose -15 = 5*q + 5*m, -4*m - 2 - 4 = q. Let p(u) be the third derivative of -1/15*u**5 - u**2 - 1/60*u**6 - 1/24*u**4 + 1/3*u**3 + 0 + 0*u. What is p(q)?
4
Let t(y) = 7*y**3 + 2*y**2 + y. Suppose -12 = 7*x + 23. Let c be 3*x/45*3. What is t(c)?
-6
Suppose i - 4*i - g = 2, -4*g = -i + 21. Suppose v = 3*z - 11, -2*z + 7*z - 2*v = 20. Let n(d) = z*d - 4*d + 3*d + 6*d. Calculate n(i).
7
Let d(r) = -r**2 - 9*r + 7. Let c be d(-9). Let x(k) = 5*k**2 + 6*k - c - 3 - 4*k**2. Let u be (((-28)/2)/2)/1. Give x(u).
-3
Let t(m) = 3*m + 2. Let o(h) = 7*h + 4. Let g(p) = 6*o(p) - 13*t(p). Suppose -112 = 18*j - 14*j. Let x be (9/(-6))/((-21)/j). Determine g(x).
-8
Let b(a) = -4*a + 35. Let s(y) = -y + 12. Let f(h) = -3*b(h) + 8*s(h). Let c be f(4). Let w(x) = -x**3 + 6*x**2 + 3*x + 9. What is w(c)?
-19
Let s(g) = -2 + 2 - g**2 + 30*g - 29*g. Let x(d) = -d**3 - 8*d**2 + 8*d - 7. Let y be x(-9). Suppose -y*n = 2*n + 12. What is s(n)?
-12
Let h(q) be the third derivative of -q**5/12 - q**4/3 + q**3/6 - 5*q**2. Let b(p) = -9*p**2 - 15*p + 1. Let t(k) = -4*b(k) + 7*h(k). Determine t(-5).
8
Let r(q) = -q**2 - q + 5. Suppose -4*h - 16 = -2*d, -3*d - h + 2 = -8. Determine r(d).
-15
Let f(k) = -k**2 - k - 7. Suppose -2*z + 31 = h + 3*z, 0 = 4*h + 4*z - 108. Suppose h*c = 21*c. Give f(c).
-7
Let r(o) be the first derivative of -11*o**2/2 - o + 3. Let k be 90/(-27)*(-6)/8*2. Suppose -7*z + 2*z + 14 = -3*w, 2*z + k*w + 13 = 0. Calculate r(z).
-12
Suppose 0 = p + 2*n - 1, -2*n - 3*n = 2*p - 2. Let g be -3 + (-1)/(p/(-2)). Let d(i) = 3*i + 1. What is d(g)?
-2
Let n(c) = -c**3 - 5*c**2 + c + 7. Let g be n(-5). Suppose g*q + 0 - 12 = 0. Let h(d) = -3*d**3 + 3 - 10 + q + 2*d**3. Give h(-1).
0
Let d(o) = o + 3. Suppose 19 = j + 40. Let c = j - -28. What is d(c)?
10
Suppose 6*x - 9*x - 4 = -4*p, -5*x + 2*p - 30 = 0. Let j(n) = n**3 + 7*n**2 - 9*n - 1. Calculate j(x).
7
Let y = 8 + -6. Let r(t) = 884*t**2 - 884*t**y + 1 + 4*t**3 - t. Determine r(1).
4
Let a(s) = 7*s + 2. Let i(p) be the first derivative of 5 - 1/2*p**2 - p. Let h(o) = a(o) + 6*i(o). What is h(6)?
2
Let s(j) = 12*j - 1. Let b be s(3). Suppose -v + 3*d = 3*v - 71, -2*v + d + b = 0. Let c = -16 + v. Let x(z) = 7*z**3 - 2*z**2 + z. Determine x(c).
6
Let t(g) = g**2 + g. Let i(b) be the second derivative of b**3/6 + 6*b. Let w(u) = -3*i(u) - t(u). Give w(-4).
0
Let l(c) = -2*c**2 + 2. Let u be (-1)/2 + (-366)/244. Calculate l(u).
-6
Let k(b) = 3*b + 7. Let r = -12 + 14. Let w(n) = -r*n - 6*n - 7 + 4*n. Let m(y) = 6*k(y) + 5*w(y). What is m(6)?
-5
Let u(x) = -x + 1. Let n(o) = -5*o + 11. Let d(c) = n(c) - 6*u(c). Determine d(-6).
-1
Let t(q) = -q**3 - 3*q**2 + q - 1. Let u(c) = -47*c**3 + 16*c**2 - 7*c + 6. Let h(b) = 6*t(b) + u(b). Give h(-1).
52
Let v(s) = -5*s**2 - s + 4. Let n(r) = -2*r + 4*r**2 - 3 - r + 4*r. Let x(a) = 6*n(a) + 5*v(a). Let j(m) = -5*m**3 + 11*m + 10. Let o be j(-1). Determine x(o).
-10
Suppose 0 = -5*f - 3*y - 9, 6 = 3*f - y - y. Let s(c) = c - c - c - 8. Give s(f).
-8
Suppose 0 = -t + 2*t - 2. Let v(c) be the first derivative of c**4/4 - 5*c**3/3 + 3*c**2/2 - 27. Give v(t).
-6
Let x(d) = 2*d**2 + 86*d - 280. Let o be x(3). Let n(a) be the third derivative of -a**3 + 0*a + 0 - a**2 - 1/12*a**4. Determine n(o).
2
Let r = 26 - 12. Let w be (r - 14)/(6/(-2)). Let k(d) = -d**3 - 3*d**2 - 2 + d**2 + 2*d - d + d**2. What is k(w)?
-2
Let y(b) = -b**3 - 5*b**2 - 2*b - 3. Suppose -5*w + w = 4*k - 12, -3*w = 5*k - 19. Suppose s - 9*s - 72 = 0. Let c be (-2)/w + s + 3. Give y(c).
7
Suppose 3*y = -5*m - 4, 4*m = 2*m + 3*y + 11. Let w(h) = 12*h - 1. Give w(m).
11
Let x = 2 - 2. Let h(f) be the third derivative of 0 + 0*f + 1/6*f**3 - 1/24*f**4 - 2*f**2. What is h(x)?
1
Let n = 17 - 7. Let p(d) = -n + d + 5 + 0 + 3. What is p(-8)?
-10
Let x(q) be the third derivative of -q**4/3 - q**3/6 + 14*q**2. Let h be x(-1). Let k(v) = -v**2 + 7*v - 3. Give k(h).
-3
Suppose 0 = -2*j, -k - 3*j = 2*j - 2. Suppose -4*z - 4*i + 12 = -i, -k*z - 3*i = 0. Let g(c) = c + c - z*c. Give g(-2).
8
Suppose -w + 26 = 2*v - 4*w, -3*v + 17 = w. Suppose -4*r + 9 = -v. Let c(z) = -2 - 4*z + 2*z + 3*z - r. What is c(7)?
1
Let t(u) = -2*u**3 + u**2 + u + 1. Suppose 18 = 3*b - 4*n, 5*n - 5 = -20. Determine t(b).
-9
Let k(l) = -7*l**2 + 7*l - 9 - 6 - l**3 + 16 - 8. Calculate k(-8).
1
Let c = -17 + 19. Let j(z) = -47*z**2 - 5*z - 2 + 26*z**2 + 20*z**c. Let a(d) = d + 1. Let h be a(-4). Determine j(h).
4
Let r(d) = -d**2 + 10. Suppose -g + 2*a + 2 = 0, 5*g + 7*a = 3*a - 4. Calculate r(g).
10
Let t(k) = -14*k + k**2 - 7 + 3 + 10 + 22. Determine t(12).
4
Let l(u) = -u + 9. Let o be (129 - 3)/7 - 4. Determine l(o).
-5
Let q(t) = 3*t**3 - 15*t**2 - 2*t - 4. Let u(m) = -11*m**3 + 46*m**2 + 7*m + 11. Let d(k) = -7*q(k) - 2*u(k). Calculate d(-13).
6
Let p(o) be the third derivative of -o**6/120 - o**5/20 + o**4/6 + 7*o**3/6 + 90*o**2 + o. What is p(-5)?
37
Let y(j) be the first derivative of -j**5/60 - 5*j**4/24 - j**3 - 44. Let r(l) be the third derivative of y(l). Calculate r(4).
-13
Let u(z) = 3*z + 1. Let p(k) = -15*k - 6. Let r(a) = -2*p(a) - 11*u(a). Calculate r(4).
-11
Let s(o) be the second derivative of 16 + 1/5*o**5 - 2*o + 0*o**3 + 0*o**4 - 1/2*o**2. Determine s(1).
3
Let j(f) = 3*f**3 + 0*f + 135 - 4*f**3 + 129 - f - 272. What is j(0)?
-8
Let y(j) be the third derivative of 0 + 0*j + 1/120*j**5 - 7*j**2 + 1/12*j**4 + 7/6*j**3. Let u(q) be the first derivative of y(q). Give u(5).
7
Let y(d) be the first derivative of d**5/40 - d**4/24 - 17*d**3/3 - 18. Let r(h) be the third derivative of y(h). Calculate r(2).
5
Let p(m) = -2*m + 1. Let j be (8/5)/(40/100). Suppose -3 = -3*a, -j*h = -a - 2 + 7. Calculate p(h).
3
Let j(q) = -9*q**2 + 14*q - 15. Let b(n) = 7*n**2 - 13*n + 12. Let c(v) = 5*b(v) + 4*j(v). Suppose y - 13 = 3*y - t, 4*y - 3*t + 21 = 0. Calculate c(y).
0
Let h(c) = 6*c - 4. Let q(a) = 7*a - 5. Let p(f) = -6*h(f) + 5*q(f). Let u(i) = 7*i - 1. Let s be u(1). What is p(s)?
-7
Let o(h) = -2*h + 1. Let l(r) = 4*r + 6. Let i(g) = -l(g) - o(g). Give i(-7).
7
Let s(o) = o - 1. Suppose -a + 4*f + 20 = -1, 0 = a + 4*f + 11. Let j(l) = -8*l**2 + 2*l**2 + 9*l**2 - 4*l**2 - 9*l - a. Let g be j(-8). Calculate s(g).
2
Suppose 0 = -11*n + 7*n + 20. Let u(b) = -b**3 + 6*b**2 + 3*b - 2. Give u(n).
38
Let u(b) = b**2 - 2*b - 1. Suppose 2*h - 12 = -2*h. Suppose 4*j - 4 = h*j. Suppose d = 0, j*s + 3*d = -0*d - 8. Determine u(s).
7
Let i(v) b